2, 3, 11, 181
What are the prime factors of 16365?
3, 5, 1091
What are the prime factors of 960?
2, 3, 5
What are the prime factors of 8335?
5, 1667
What are the prime factors of 3516?
2, 3, 293
List the prime factors of 38801.
7, 23, 241
List the prime factors of 13553.
13553
List the prime factors of 8139.
3, 2713
What are the prime factors of 1425?
3, 5, 19
What are the prime factors of 29426?
2, 14713
What are the prime factors of 4681?
31, 151
What are the prime factors of 20460?
2, 3, 5, 11, 31
What are the prime factors of 18452?
2, 7, 659
What are the prime factors of 10276?
2, 7, 367
What are the prime factors of 8322?
2, 3, 19, 73
What are the prime factors of 53844?
2, 3, 7, 641
List the prime factors of 31192.
2, 7, 557
List the prime factors of 26873.
7, 11, 349
What are the prime factors of 3516?
2, 3, 293
List the prime factors of 438.
2, 3, 73
List the prime factors of 32439.
3, 11, 983
List the prime factors of 1198.
2, 599
List the prime factors of 3440.
2, 5, 43
What are the prime factors of 73656?
2, 3, 11, 31
List the prime factors of 744.
2, 3, 31
What are the prime factors of 7370?
2, 5, 11, 67
What are the prime factors of 19343?
23, 29
What are the prime factors of 163662?
2, 3, 27277
What are the prime factors of 71592?
2, 3, 19, 157
What are the prime factors of 41375?
5, 331
List the prime factors of 664.
2, 83
What are the prime factors of 151935?
3, 5, 7, 1447
What are the prime factors of 37715?
5, 19, 397
List the prime factors of 974.
2, 487
List the prime factors of 2369.
23, 103
List the prime factors of 3136.
2, 7
What are the prime factors of 106404?
2, 3, 8867
What are the prime factors of 16339?
16339
What are the prime factors of 1717?
17, 101
What are the prime factors of 136253?
13, 47, 223
List the prime factors of 10142.
2, 11, 461
What are the prime factors of 39374?
2, 19687
List the prime factors of 77354.
2, 38677
What are the prime factors of 320?
2, 5
What are the prime factors of 17444?
2, 7, 89
List the prime factors of 49802.
2, 37, 673
List the prime factors of 44532.
2, 3, 1237
List the prime factors of 15556.
2, 3889
What are the prime factors of 4677?
3, 1559
What are the prime factors of 6967?
6967
List the prime factors of 22909.
31, 739
What are the prime factors of 3659?
3659
List the prime factors of 916.
2, 229
What are the prime factors of 20719?
20719
List the prime factors of 23504.
2, 13, 113
What are the prime factors of 380?
2, 5, 19
What are the prime factors of 39284?
2, 7, 23, 61
List the prime factors of 1535.
5, 307
What are the prime factors of 4507?
4507
What are the prime factors of 281?
281
List the prime factors of 10273.
10273
List the prime factors of 35629.
11, 41, 79
List the prime factors of 2990.
2, 5, 13, 23
List the prime factors of 19623.
3, 31, 211
List the prime factors of 341.
11, 31
List the prime factors of 179463.
3, 163, 367
List the prime factors of 2710.
2, 5, 271
List the prime factors of 552.
2, 3, 23
What are the prime factors of 147000?
2, 3, 5, 7
What are the prime factors of 48754?
2, 19, 1283
List the prime factors of 4025.
5, 7, 23
List the prime factors of 14154.
2, 3, 7, 337
List the prime factors of 8548.
2, 2137
What are the prime factors of 9412?
2, 13, 181
What are the prime factors of 37?
37
List the prime factors of 1545.
3, 5, 103
What are the prime factors of 34?
2, 17
List the prime factors of 11134.
2, 19, 293
List the prime factors of 4066.
2, 19, 107
List the prime factors of 15848.
2, 7, 283
What are the prime factors of 15399?
3, 29, 59
What are the prime factors of 2137?
2137
What are the prime factors of 45827?
45827
What are the prime factors of 155?
5, 31
List the prime factors of 10717.
7, 1531
List the prime factors of 7212.
2, 3, 601
List the prime factors of 595.
5, 7, 17
What are the prime factors of 104673?
3, 23, 37, 41
What are the prime factors of 143?
11, 13
List the prime factors of 3871.
7, 79
What are the prime factors of 11?
11
List the prime factors of 11805.
3, 5, 787
What are the prime factors of 42451?
42451
List the prime factors of 8271.
3, 919
What are the prime factors of 314?
2, 157
What are the prime factors of 58171?
58171
What are the prime factors of 4174?
2, 2087
What are the prime factors of 2000?
2, 5
What are the prime factors of 420?
2, 3, 5, 7
List the prime factors of 9043.
9043
What are the prime factors of 84304?
2, 11, 479
List the prime factors of 330.
2, 3, 5, 11
What are the prime factors of 150?
2, 3, 5
List the prime factors of 6039.
3, 11, 61
List the prime factors of 6044.
2, 1511
What are the prime factors of 8500?
2, 5, 17
List the prime factors of 97225.
5, 3889
What are the prime factors of 537?
3, 179
What are the prime factors of 3541?
3541
List the prime factors of 45026.
2, 47, 479
List the prime factors of 720.
2, 3, 5
List the prime factors of 3270.
2, 3, 5, 109
What are the prime factors of 56144?
2, 11, 29
What are the prime factors of 179987?
19, 9473
List the prime factors of 210.
2, 3, 5, 7
What are the prime factors of 8665?
5, 1733
What are the prime factors of 6612?
2, 3, 19, 29
List the prime factors of 21216.
2, 3, 13, 17
What are the prime factors of 3312?
2, 3, 23
What are the prime factors of 31021?
67, 463
List the prime factors of 3203.
3203
What are the prime factors of 12154?
2, 59, 103
What are the prime factors of 7174?
2, 17, 211
List the prime factors of 137.
137
List the prime factors of 2695.
5, 7, 11
What are the prime factors of 110069?
110069
List the prime factors of 581.
7, 83
List the prime factors of 144617.
11, 13147
What are the prime factors of 1276?
2, 11, 29
List the prime factors of 4961.
11, 41
What are the prime factors of 22565?
5, 4513
List the prime factors of 83419.
7, 17, 701
What are the prime factors of 1263?
3, 421
List the prime factors of 21611.
21611
What are the prime factors of 85431?
3, 28477
List the prime factors of 13498.
2, 17, 397
What are the prime factors of 2862?
2, 3, 53
What are the prime factors of 5698?
2, 7, 11, 37
What are the prime factors of 121980?
2, 3, 5, 19, 107
List the prime factors of 9446.
2, 4723
What are the prime factors of 1724?
2, 431
What are the prime factors of 3933?
3, 19, 23
List the prime factors of 2605.
5, 521
List the prime factors of 9275.
5, 7, 53
What are the prime factors of 1570?
2, 5, 157
What are the prime factors of 683?
683
What are the prime factors of 46333?
7, 6619
List the prime factors of 769.
769
What are the prime factors of 9976?
2, 29, 43
List the prime factors of 2493.
3, 277
List the prime factors of 33207.
3, 11069
What are the prime factors of 1298?
2, 11, 59
List the prime factors of 2269.
2269
What are the prime factors of 2500?
2, 5
What are the prime factors of 4441?
4441
List the prime factors of 52537.
107, 491
List the prime factors of 58888.
2, 17, 433
List the prime factors of 26495.
5, 7, 757
What are the prime factors of 54404?
2, 7, 29, 67
List the prime factors of 18276.
2, 3, 1523
List the prime factors of 17890.
2, 5, 1789
List the prime factors of 19985.
5, 7, 571
What are the prime factors of 3209?
3209
What are the prime factors of 526?
2, 263
List the prime factors of 25235.
5, 7, 103
List the prime factors of 7318.
2, 3659
What are the prime factors of 107764?
2, 29, 929
What are the prime factors of 2964?
2, 3, 13, 19
What are the prime factors of 22474?
2, 17, 661
List the prime factors of 3263.
13, 251
What are the prime factors of 2871?
3, 11, 29
What are the prime factors of 46088?
2, 7, 823
List the prime factors of 28473.
3, 9491
List the prime factors of 75244.
2, 13, 1447
List the prime factors of 72951.
3, 24317
What are the prime factors of 416?
2, 13
List the prime factors of 657.
3, 73
What are the prime factors of 5625?
3, 5
What are the prime factors of 2432?
2, 19
List the prime factors of 1558.
2, 19, 41
List the prime factors of 141.
3, 47
List the prime factors of 44230.
2, 5, 4423
List the prime factors of 11379.
3, 3793
What are the prime factors of 3114?
2, 3, 173
List the prime factors of 4092.
2, 3, 11, 31
What are the prime factors of 1059?
3, 353
List the prime factors of 1941.
3, 647
List the prime factors of 1964.
2, 491
What are the prime factors of 82076?
2, 17, 71
List the prime factors of 110.
2, 5, 11